t are the prime factors of o(7)?
11
Let a = -749 - -1219. Suppose -6*p + p + a = 0. What are the prime factors of p?
2, 47
Suppose -53*a + 16*a = -93684. What are the prime factors of a?
2, 3, 211
Let u be (1464/20 - 1)*5. Suppose u - 101 = 4*d. What are the prime factors of d?
5, 13
Let z = 83 - 79. Suppose 5*g = z*c + 540, 2*g = -0*c + c + 219. What are the prime factors of g?
2, 7
Let q be ((-25)/4)/(4/16). Let p = 37 + q. Suppose 2*o - 3*o + p = 0. List the prime factors of o.
2, 3
Let v(s) be the second derivative of s**5/20 - s**4/12 + s**3/6 - 45*s**2/2 + s. Let k be v(0). Let d = 69 + k. List the prime factors of d.
2, 3
What are the prime factors of 1292 + 5/3*(-10 - -13)?
1297
Let a(q) = -q**2 + 13*q + 4. Let g be a(12). Let k be 21/6*g/14. Suppose j - 30 = -v - 4*j, 5*v - 237 = k*j. What are the prime factors of v?
3, 5
Let j be (-1 - -22) + (3 - 3). Let h be (2/(-6))/((-1)/j). Suppose h*r + 4*w = 4*r + 25, -70 = -4*r + 2*w. What are the prime factors of r?
3, 5
Let b(q) = -q**3 + 3*q**2 + 6*q - 5. Suppose 2*f = 2*r + 18, -2*f - f = 2*r - 2. List the prime factors of b(f).
3
Let m(v) be the first derivative of -3*v**2 + 45*v - 20. What are the prime factors of m(-13)?
3, 41
Let u be (-1)/5 + 48/15. Suppose 0 = -h - r + 93, u*r = h - 2*h + 91. What are the prime factors of h?
2, 47
Suppose 5*r = -t + 145 + 191, 2*r = 5*t - 1707. List the prime factors of t.
11, 31
Suppose 0 = c - 223 + 87. List the prime factors of c.
2, 17
Suppose 25*i - 80 = 21*i. List the prime factors of 16/i + (-742)/(-10).
3, 5
What are the prime factors of 144*((-2)/(-4) - -3)?
2, 3, 7
What are the prime factors of ((-145)/2 + 17 + -20)*-2?
151
Let x = 1690 + -989. What are the prime factors of x?
701
Let q(j) = 331*j - 288. List the prime factors of q(8).
2, 5, 59
Let n(o) = o**2 - 1. Let m(u) = -10*u**2 - 8. Let w(t) = -m(t) - 6*n(t). What are the prime factors of w(6)?
2, 79
Let g(s) = 8*s**2 - 58*s + 17. List the prime factors of g(26).
3917
Suppose -2*v - 3*v + 1250 = 5*i, -i - 1025 = -4*v. Suppose -2*m + y + 95 = 0, 2*m + y = -3*m + v. List the prime factors of m.
2, 5
What are the prime factors of (1 - -3) + 3 - -920?
3, 103
Let j(r) be the third derivative of r**6/120 - 13*r**5/60 - 7*r**4/12 + 4*r**3/3 - 7*r**2. Let k be j(14). Suppose 4*z - 48 = -k. List the prime factors of z.
2, 5
Let d be (-126)/(-24)*2*-8. Let f = 63 - d. Suppose h + 3 = 0, -3*i + 0*i + h = -f. What are the prime factors of i?
2, 3
Let l(m) = m**3 - 2*m**2 + 8*m + 2359. What are the prime factors of l(0)?
7, 337
Let w(b) = b**3 - b**2 - 7*b + 1. Let u be 5*(2 + (-6)/2). Let g(l) = -l**3 + 8*l. Let r(h) = u*w(h) - 4*g(h). List the prime factors of r(5).
2, 5
Suppose 5*r + f + 775 = 0, -f = -5*r + 142 - 917. Let c = -92 - r. Suppose -c = -4*d + 3*v, 5*d - 70 = -5*v - 0*v. List the prime factors of d.
3, 5
What are the prime factors of (-1794)/(-2)*(-10)/(-3 - 7)?
3, 13, 23
Suppose -4*b - 21*w + 16*w = -8196, 0 = 2*b + w - 4104. What are the prime factors of b?
2, 13, 79
Let n be 1*(-4 + 6 - -3). Suppose 0 = 5*d - d + n*c - 24, 5*c + 64 = 4*d. Suppose -d*l - 108 = -14*l. What are the prime factors of l?
2, 3
Let r(x) = x**3 + 5*x**2 - 6*x - 7. Let y be r(-7). Let s = 2 - y. What are the prime factors of s?
5, 13
Let f(x) = -3*x - 45. Let d be f(-18). What are the prime factors of -1 + (32 - 3/(d/(-6)))?
3, 11
Suppose 16*q - 1274 = 9*q. Suppose g - s - 117 = 70, -g - 4*s + q = 0. What are the prime factors of g?
2, 3, 31
Let k = 103 - 39. Suppose -3*x - 64 = -j - j, 4*x + k = 2*j. List the prime factors of j.
2
Let z(t) = -t**3 + 4*t**2 - t - 1. Suppose -5*o + 16 = 3*q, 6*q + 4*o = 3*q + 14. Suppose q*y + 4 = -5*p, -5*p = -0*p + 10. What are the prime factors of z(y)?
5
Let l = -16 - 37. Let y = 25 - l. What are the prime factors of y?
2, 3, 13
Let x(t) = -t**3 - 5*t**2 - t - 6. Let u be x(-6). Let a = u + 25. Suppose -5*y - 11 = -a. What are the prime factors of y?
2, 5
Let x = 25 - 22. Suppose -5*i - 5*l + 195 = 0, 2*l + x + 3 = 0. List the prime factors of i.
2, 3, 7
Suppose 8*u + 3*f - 13 = 3*u, 3*u + 4*f + 1 = 0. Suppose 11 + 4 = -u*y. What are the prime factors of -2*(y - -4) - -31?
29
Let h(j) = -487*j + 35. Let c be h(-6). Suppose c + 283 = 15*v. What are the prime factors of v?
2, 3
Suppose -7*o = -5*o - 3*h - 5411, -13536 = -5*o - h. List the prime factors of o.
2707
Suppose 2*l - 5 = 85. Suppose n - 2*u = 3*u + 3, -2*n - 3*u + l = 0. Let o = -10 + n. What are the prime factors of o?
2
Let j(f) = f**3 + f**2 + 3*f + 2. Let a be j(-1). Let x be -4 - (a + 1 - 8). Suppose x*d = 12, 315 = 5*i - 3*d - 2*d. List the prime factors of i.
2, 3, 11
Suppose 0 = -3*h + 4*p + 51, 3*h - 24 = 5*p + 30. Let l be ((-2)/(-4))/(2/(-8)). What are the prime factors of (h + -3)*l/(-2)?
2, 5
Let b(o) = o**2 + o + 10. Let l(k) = k**3 - 5*k**2 + 7*k - 8. Let v be l(4). List the prime factors of b(v).
2, 3, 5
Suppose -5*u = -j + 91 + 222, -2*u = 8. List the prime factors of j.
293
Let m = -49 - -85. Suppose -5*a = 4*d - 381, 2*a - 5*d - 162 = -m. List the prime factors of a.
73
Let a(l) = -13*l**2 - 3. Let b = 20 + -22. Let j be a(b). Let m = -16 - j. List the prime factors of m.
3, 13
What are the prime factors of (-2270)/(-4) + 2/4?
2, 71
Suppose 2*r = -8, 3*r + 298 = n - 0*r. What are the prime factors of n?
2, 11, 13
Let l(x) = -x**3 + 8*x**2 - 15*x + 20. Let i be l(6). Suppose -4*q + 4 = 0, 2*r - 3*q - 561 = -i*r. List the prime factors of r.
3, 47
Let t be 20/(-35) - 106/(-14). Suppose -2*m + t*m - 470 = 0. What are the prime factors of m?
2, 47
Suppose -2*a + 4*c = -414 - 9044, 0 = -5*c - 10. List the prime factors of a.
3, 5, 7
Let l(j) = 7*j**2 + 3*j - 6. Let a(r) = 14*r**2 + 6*r - 11. Let i(m) = 6*a(m) - 11*l(m). Let k = -1 + -1. What are the prime factors of i(k)?
2, 11
List the prime factors of ((-222)/18)/((-2)/30).
5, 37
Let q(w) = 166*w + 348. List the prime factors of q(16).
2, 751
Let f(q) = -q**3 + 4*q**2 - q + 3. Let r be f(4). What are the prime factors of 78 + r + (-3 + 1 - -4)?
79
Suppose 12*p - 8*p = 16. Suppose 2*x = -n + 130 + 113, -p*n - x + 944 = 0. What are the prime factors of n?
5, 47
Let c = 6656 + -4239. List the prime factors of c.
2417
Let q be 15/(-2)*(5 - (0 - -1)). Let h = -1 - q. List the prime factors of h.
29
List the prime factors of ((-316)/24 - 11/(-22))*-129.
2, 19, 43
Suppose 4*t + 5*s = 12, -2*s - 32 = -20*t + 17*t. Let z(l) = 5*l - 1. Let q be z(-1). What are the prime factors of t/12 - 26/q?
5
Let a(b) = -22*b + 61. What are the prime factors of a(-49)?
17, 67
Suppose 2*g = 5*g - 24. Suppose 2*w - g = 4. What are the prime factors of ((-6)/(-4))/(w/88)?
2, 11
Let h be ((-26)/39)/(1/(-21)). Suppose 1 = 5*n - h. Suppose -n*y + y = -4. What are the prime factors of y?
2
Let z(a) = 18*a**2 - a - 9. What are the prime factors of z(-5)?
2, 223
Let d(x) be the third derivative of -x**2 + 1/12*x**4 - 1/15*x**5 + x**3 + 0*x + 0 - 1/120*x**6. List the prime factors of d(-5).
3, 7
Let k(h) be the second derivative of -h**5/20 + 13*h**4/12 - 11*h**3/6 - 8*h**2 - 41*h. List the prime factors of k(7).
3, 67
Let u(y) = 11*y - 7. What are the prime factors of u(12)?
5
Suppose -2*g - 4*i + 8 = 0, -3*g + 2*i + 15 = 5*i. Let x be ((-15)/10)/(g/64). List the prime factors of (x/40)/(2/(-30)).
2, 3
Let n(l) = 10*l**2 + 9*l - 126. List the prime factors of n(-12).
2, 3, 67
Let x(b) = 4*b + 3459. What are the prime factors of x(0)?
3, 1153
What are the prime factors of 5667/(-4)*(-32)/24?
1889
Let u = 86 + -116. Let b be (16/(-5))/((-2)/40). Let f = u + b. List the prime factors of f.
2, 17
List the prime factors of 142/(-3)*(5 + -7 - 7).
2, 3, 71
Let v(k) = 4*k - 10. Let j be v(6). Suppose h + j = 4*h + o, 4*o = -5*h + 28. Suppose 5*m - h*m = 36. List the prime factors of m.
2, 3
Let d(j) = 6*j + 12. What are the prime factors of d(13)?
2, 3, 5
List the prime factors of (12/10)/((-3)/(-810)) - -3.
3, 109
Suppose 0 = 5*f + 2*r - 3293, 3269 = 5*f - 4*r - 0*r. List the prime factors of f.
3, 73
Let n be (11/(-33))/(4/132). Let p be (-1 + 0)*-31*1. Let f = p + n. What are the prime factors of f?
2, 5
Let h(q) = q**2 + 8*q - 6. Suppose 0 = -2*o + 2 + 18. Suppose -5*d + 5*u = 60, 1 - o = -3*u. What are the prime factors of h(d)?
3
Let i(x) = 177*x**3 - 2*x**2 + 2*x - 1. Supp